{"id":358,"date":"2021-06-09T20:22:36","date_gmt":"2021-06-09T18:22:36","guid":{"rendered":"https:\/\/www.grow-up.sk\/blog\/?post_type=product&#038;p=358"},"modified":"2022-01-06T17:34:36","modified_gmt":"2022-01-06T16:34:36","slug":"spatna-vazba","status":"publish","type":"product","link":"https:\/\/www.grow-up.sk\/Eshop\/product\/spatna-vazba\/","title":{"rendered":"Sp\u00e4tn\u00e1 v\u00e4zba"},"content":{"rendered":"","protected":false},"excerpt":{"rendered":"<p>Ako m\u00f4\u017eeme pom\u00f4c\u0165 ka\u017ed\u00e9mu \u010dloveku prosperova\u0165 a vynika\u0165? <strong>Kvalitn\u00e1 sp\u00e4tn\u00e1 v\u00e4zba nefunguje bez spr\u00e1vne polo\u017eenej ot\u00e1zky. <\/strong>A\u00a0tie spr\u00e1vne ot\u00e1zky n\u00e1jdete priamo v\u00a0tejto krabi\u010dke, kde n\u00e1jdete aj n\u00e1vod, ako, kedy a\u00a0najm\u00e4, ktor\u00e9 ot\u00e1zky pou\u017ei\u0165.<\/p>\n<p><strong>Chcete vedie\u0165, ako l\u00e1skavo za\u010da\u0165 u\u010di\u0165 svojich kolegov \u00a0\u00a0alebo t\u00edm, aby sa neust\u00e1le pomocou sp\u00e4tnej v\u00e4zby zlep\u0161oval?<\/strong> Uk\u00e1\u017eeme V\u00e1m, ako zv\u00fd\u0161i\u0165 v\u00fdkonnos\u0165 v spolo\u010dnostiach, a to v\u010faka \u00faprimnej, v\u0161adepr\u00edtomnej a\u00a0neraz aj kritickej sp\u00e4tnej v\u00e4zby.<\/p>\n<p>Spoznajte silu otvoren\u00fdch ot\u00e1zok v\u00a0pracovnom prostred\u00ed, v\u010faka ktor\u00fdm spozn\u00e1te my\u0161lienky zamestnancov, \u010dlenov t\u00edmu a\u00a0kolegov.<\/p>\n<p>Ot\u00e1zky vyu\u017eijete v\u00a0pr\u00e1ci a hravou formou ich m\u00f4\u017eete vysk\u00fa\u0161a\u0165 aj v\u00a0s\u00fakrom\u00ed. V\u0161ade, kde chcete viac pracova\u0165 so sp\u00e4tnou v\u00e4zbou a\u00a0zlep\u0161i\u0165 ju, tieto karti\u010dky otvoria dvere do nepomenovan\u00fdch \u010dast\u00ed my\u0161lienok a\u00a0t\u00e9m ktor\u00e9 by tak viseli vo vzduchu.<\/p>\n<p><strong>Kto by mal po karti\u010dk\u00e1ch siahnu\u0165?<\/strong><\/p>\n<ol>\n<li>mana\u017e\u00e9ri, ktor\u00ed maj\u00fa svoj t\u00edm<\/li>\n<li>SCRUM mastri<\/li>\n<li>projektov\u00ed mana\u017e\u00e9ri<\/li>\n<li>lektori<\/li>\n<li>kou\u010di<\/li>\n<li>facilit\u00e1tori.<\/li>\n<li>Ka\u017ed\u00fd ten koho rozvoj t\u00edmov bav\u00ed \ud83d\ude0a<\/li>\n<\/ol>\n<p>Ak je pre v\u00e1s \u00a0<strong>vybudovanie efekt\u00edvnej a\u00a0zdravej komunik\u00e1cie, kon\u0161trukt\u00edvnej sp\u00e4tnej v\u00e4zbe, budovan\u00ed t\u00edmov\u00e9ho ducha \u010di zce\u013eovan\u00ed t\u00edmu d\u00f4le\u017eit\u00e9, <\/strong>s\u00a0touto hrou ste na stravnej ceste.<\/p>\n<p><strong><u>E\u0161te predt\u00fdm, ako sa pust\u00edte do hry, je d\u00f4le\u017eit\u00e1 \u00a01 vec.<\/u><\/strong><\/p>\n<p>Vytvori\u0165 hr\u00e1\u010dom bezpe\u010dn\u00e9 prostredie. Hr\u00e1\u010di sa <strong>vz\u00e1jomne po\u010d\u00favaj\u00fa, re\u0161pektuj\u00fa a\u00a0vytv\u00e1raj\u00fa si priestor na kon\u0161trukt\u00edvnu sp\u00e4tn\u00fa v\u00e4zbu.<\/strong> V\u00a0pr\u00edpade, kritiky, sa po\u010d\u00favajte a\u00a0zis\u0165ujte viac, vyhnite sa okam\u017eit\u00e9mu vysvet\u013eovaniu \u010di obrane. Je to pr\u00edle\u017eitos\u0165 na nie\u010do nov\u00e9.<\/p>\n<p><strong>\u010co obsahuje balenie?<\/strong><\/p>\n<ul>\n<li>56 hrac\u00edch kariet,<\/li>\n<li>pravidl\u00e1<\/li>\n<\/ul>\n<p>Teraz sa u\u017e len pusti\u0165 do hrania hry, ktor\u00e1 V\u00e1s posunie vpred.<\/p>\n","protected":false},"featured_media":838,"template":"","meta":{"_monsterinsights_skip_tracking":false,"_monsterinsights_sitenote_active":false,"_monsterinsights_sitenote_note":"","_monsterinsights_sitenote_category":0,"spay_email":""},"product_cat":[18],"product_tag":[],"_links":{"self":[{"href":"https:\/\/www.grow-up.sk\/Eshop\/wp-json\/wp\/v2\/product\/358"}],"collection":[{"href":"https:\/\/www.grow-up.sk\/Eshop\/wp-json\/wp\/v2\/product"}],"about":[{"href":"https:\/\/www.grow-up.sk\/Eshop\/wp-json\/wp\/v2\/types\/product"}],"wp:featuredmedia":[{"embeddable":true,"href":"https:\/\/www.grow-up.sk\/Eshop\/wp-json\/wp\/v2\/media\/838"}],"wp:attachment":[{"href":"https:\/\/www.grow-up.sk\/Eshop\/wp-json\/wp\/v2\/media?parent=358"}],"wp:term":[{"taxonomy":"product_cat","embeddable":true,"href":"https:\/\/www.grow-up.sk\/Eshop\/wp-json\/wp\/v2\/product_cat?post=358"},{"taxonomy":"product_tag","embeddable":true,"href":"https:\/\/www.grow-up.sk\/Eshop\/wp-json\/wp\/v2\/product_tag?post=358"}],"curies":[{"name":"wp","href":"https:\/\/api.w.org\/{rel}","templated":true}]}}